{"id":70,"date":"2024-10-23T22:17:40","date_gmt":"2024-10-23T20:17:40","guid":{"rendered":"https:\/\/florakert.evadomotor.com\/?page_id=70"},"modified":"2024-12-30T21:37:05","modified_gmt":"2024-12-30T20:37:05","slug":"ajanlatkeres","status":"publish","type":"page","link":"https:\/\/florakert.evadomotor.com\/?page_id=70","title":{"rendered":"Aj\u00e1nlatk\u00e9r\u00e9s"},"content":{"rendered":"\n<p>K\u00e9rjen aj\u00e1nlatot kert\u00e9p\u00edt\u00e9si, parkrendez\u00e9si vagy egy\u00e9b szolg\u00e1ltat\u00e1sainkra egyszer\u0171en \u00e9s gyorsan!<\/p>\n\n\n\n<div class=\"wp-block-columns is-layout-flex wp-container-core-columns-is-layout-9d6595d7 wp-block-columns-is-layout-flex\">\n<div class=\"wp-block-column is-layout-flow wp-block-column-is-layout-flow\">\n<h3 class=\"wp-block-heading\">Kapcsolatfelv\u00e9teli \u0170rlap<\/h3>\n\n\n\n<p>Miut\u00e1n megkaptuk aj\u00e1nlatk\u00e9r\u00e9s\u00e9t, 48 \u00f3r\u00e1n bel\u00fcl felvesz\u00fcnk \u00d6nnel a kapcsolatot, hogy r\u00e9szletesen megbesz\u00e9lj\u00fck az ig\u00e9nyeit \u00e9s elk\u00e9pzel\u00e9seit.<\/p>\n\n\n\n<div class=\"wp-block-contact-form-7-contact-form-selector\">\n<div class=\"wpcf7 no-js\" id=\"wpcf7-f283-o1\" lang=\"hu-HU\" dir=\"ltr\" data-wpcf7-id=\"283\">\n<div class=\"screen-reader-response\"><p role=\"status\" aria-live=\"polite\" aria-atomic=\"true\"><\/p> <ul><\/ul><\/div>\n<form action=\"\/index.php?rest_route=%2Fwp%2Fv2%2Fpages%2F70#wpcf7-f283-o1\" method=\"post\" class=\"wpcf7-form init\" aria-label=\"Kapcsolatfelv\u00e9teli \u0171rlap\" enctype=\"multipart\/form-data\" novalidate=\"novalidate\" data-status=\"init\">\n<fieldset class=\"hidden-fields-container\"><input type=\"hidden\" name=\"_wpcf7\" value=\"283\" \/><input type=\"hidden\" name=\"_wpcf7_version\" value=\"6.1.5\" \/><input type=\"hidden\" name=\"_wpcf7_locale\" value=\"hu_HU\" \/><input type=\"hidden\" name=\"_wpcf7_unit_tag\" value=\"wpcf7-f283-o1\" \/><input type=\"hidden\" name=\"_wpcf7_container_post\" value=\"0\" \/><input type=\"hidden\" name=\"_wpcf7_posted_data_hash\" value=\"\" \/>\n<\/fieldset>\n<p><label> N\u00e9v<br \/>\n<span class=\"wpcf7-form-control-wrap\" data-name=\"your-name\"><input size=\"40\" maxlength=\"400\" class=\"wpcf7-form-control wpcf7-text wpcf7-validates-as-required\" autocomplete=\"name\" aria-required=\"true\" aria-invalid=\"false\" value=\"\" type=\"text\" name=\"your-name\" \/><\/span> <\/label>\n<\/p>\n<p><label> E-mail c\u00edm<br \/>\n<span class=\"wpcf7-form-control-wrap\" data-name=\"your-email\"><input size=\"40\" maxlength=\"400\" class=\"wpcf7-form-control wpcf7-email wpcf7-validates-as-required wpcf7-text wpcf7-validates-as-email\" autocomplete=\"email\" aria-required=\"true\" aria-invalid=\"false\" value=\"\" type=\"email\" name=\"your-email\" \/><\/span> <\/label>\n<\/p>\n<p><label> Telefonsz\u00e1m<br \/>\n<span class=\"wpcf7-form-control-wrap\" data-name=\"your-tel\"><input size=\"40\" maxlength=\"400\" class=\"wpcf7-form-control wpcf7-tel wpcf7-validates-as-required wpcf7-text wpcf7-validates-as-tel\" autocomplete=\"tel\" aria-required=\"true\" aria-invalid=\"false\" value=\"\" type=\"tel\" name=\"your-tel\" \/><\/span> <\/label>\n<\/p>\n<p><label> V\u00e1lasztott szolg\u00e1ltat\u00e1s<br \/>\n<span class=\"wpcf7-form-control-wrap\" data-name=\"select-972\"><select class=\"wpcf7-form-control wpcf7-select\" aria-invalid=\"false\" name=\"select-972\"><option value=\"kert\u00e9p\u00edt\u00e9s\">kert\u00e9p\u00edt\u00e9s<\/option><option value=\"parkrendez\u00e9s\">parkrendez\u00e9s<\/option><option value=\"t\u00f3\u00e9p\u00edt\u00e9s\">t\u00f3\u00e9p\u00edt\u00e9s<\/option><option value=\"egy\u00e9b\">egy\u00e9b<\/option><\/select><\/span> <\/label>\n<\/p>\n<p><label> \u00dczenet vagy projekt le\u00edr\u00e1sa<br \/>\n<span class=\"wpcf7-form-control-wrap\" data-name=\"your-message\"><textarea cols=\"40\" rows=\"10\" maxlength=\"2000\" class=\"wpcf7-form-control wpcf7-textarea\" aria-invalid=\"false\" name=\"your-message\"><\/textarea><\/span> <\/label>\n<\/p>\n<p><label> F\u00e1jlok csatol\u00e1sa (Itt csatolhatja tervrajzait, k\u00e9peit vagy egy\u00e9b dokumentumait)<br \/>\n<span class=\"wpcf7-form-control-wrap\" data-name=\"file-248\"><input size=\"40\" class=\"wpcf7-form-control wpcf7-file\" accept=\"audio\/*,video\/*,image\/*\" aria-invalid=\"false\" type=\"file\" name=\"file-248\" \/><\/span> <\/label>\n<\/p>\n<p><input class=\"wpcf7-form-control wpcf7-submit has-spinner\" type=\"submit\" value=\"Bek\u00fcld\u00e9s\" \/>\n<\/p><p style=\"display: none !important;\" class=\"akismet-fields-container\" data-prefix=\"_wpcf7_ak_\"><label>&#916;<textarea name=\"_wpcf7_ak_hp_textarea\" cols=\"45\" rows=\"8\" maxlength=\"100\"><\/textarea><\/label><input type=\"hidden\" id=\"ak_js_1\" name=\"_wpcf7_ak_js\" value=\"27\"\/><script>document.getElementById( \"ak_js_1\" ).setAttribute( \"value\", ( new Date() ).getTime() );<\/script><\/p><div class=\"wpcf7-response-output\" aria-hidden=\"true\"><\/div>\n<\/form>\n<\/div>\n<\/div>\n<\/div>\n\n\n\n<div class=\"wp-block-column is-layout-flow wp-block-column-is-layout-flow\">\n<h3 class=\"wp-block-heading\">Kapcsolat<\/h3>\n\n\n\n<p><strong>E-mail c\u00edm<\/strong>:&nbsp;<a href=\"mailto:info@cegnev.hu\">info@cegnev.hu<\/a><br><strong>Telefonsz\u00e1m<\/strong>: +36 30 123 4567<br><strong>\u00dcgyf\u00e9lszolg\u00e1lati \u00f3r\u00e1k<\/strong>: H\u00e9tf\u0151t\u0151l p\u00e9ntekig, 9:00\u201317:00 k\u00f6z\u00f6tt.<\/p>\n<\/div>\n<\/div>\n\n\n\n<p><\/p>\n","protected":false},"excerpt":{"rendered":"<p>K\u00e9rjen aj\u00e1nlatot kert\u00e9p\u00edt\u00e9si, parkrendez\u00e9si vagy egy\u00e9b szolg\u00e1ltat\u00e1sainkra egyszer\u0171en \u00e9s gyorsan! Kapcsolatfelv\u00e9teli \u0170rlap Miut\u00e1n megkaptuk aj\u00e1nlatk\u00e9r\u00e9s\u00e9t, 48 \u00f3r\u00e1n bel\u00fcl felvesz\u00fcnk \u00d6nnel &#8230;<\/p>\n","protected":false},"author":1,"featured_media":0,"parent":0,"menu_order":13,"comment_status":"closed","ping_status":"closed","template":"","meta":{"footnotes":""},"class_list":["post-70","page","type-page","status-publish","hentry"],"_links":{"self":[{"href":"https:\/\/florakert.evadomotor.com\/index.php?rest_route=\/wp\/v2\/pages\/70","targetHints":{"allow":["GET"]}}],"collection":[{"href":"https:\/\/florakert.evadomotor.com\/index.php?rest_route=\/wp\/v2\/pages"}],"about":[{"href":"https:\/\/florakert.evadomotor.com\/index.php?rest_route=\/wp\/v2\/types\/page"}],"author":[{"embeddable":true,"href":"https:\/\/florakert.evadomotor.com\/index.php?rest_route=\/wp\/v2\/users\/1"}],"replies":[{"embeddable":true,"href":"https:\/\/florakert.evadomotor.com\/index.php?rest_route=%2Fwp%2Fv2%2Fcomments&post=70"}],"version-history":[{"count":4,"href":"https:\/\/florakert.evadomotor.com\/index.php?rest_route=\/wp\/v2\/pages\/70\/revisions"}],"predecessor-version":[{"id":286,"href":"https:\/\/florakert.evadomotor.com\/index.php?rest_route=\/wp\/v2\/pages\/70\/revisions\/286"}],"wp:attachment":[{"href":"https:\/\/florakert.evadomotor.com\/index.php?rest_route=%2Fwp%2Fv2%2Fmedia&parent=70"}],"curies":[{"name":"wp","href":"https:\/\/api.w.org\/{rel}","templated":true}]}}