{"id":187,"date":"2024-12-09T21:50:28","date_gmt":"2024-12-09T20:50:28","guid":{"rendered":"https:\/\/florakert.evadomotor.com\/?page_id=187"},"modified":"2024-12-13T22:19:38","modified_gmt":"2024-12-13T21:19:38","slug":"egri-kuria-kertje","status":"publish","type":"page","link":"https:\/\/florakert.evadomotor.com\/?page_id=187","title":{"rendered":"Egri k\u00faria kertje"},"content":{"rendered":"\n<p><strong>Az eredm\u00e9ny egy l\u00e9legzetel\u00e1ll\u00edt\u00f3 kert, amit b\u00fcszk\u00e9n mutatok meg a vend\u00e9geimnek.&#8221;<\/strong><br>\u2013 Lilla, Eger<\/p>\n","protected":false},"excerpt":{"rendered":"<p>Az eredm\u00e9ny egy l\u00e9legzetel\u00e1ll\u00edt\u00f3 kert, amit b\u00fcszk\u00e9n mutatok meg a vend\u00e9geimnek.&#8221;\u2013 Lilla, Eger<\/p>\n","protected":false},"author":1,"featured_media":154,"parent":19,"menu_order":20,"comment_status":"closed","ping_status":"closed","template":"","meta":{"footnotes":""},"class_list":["post-187","page","type-page","status-publish","has-post-thumbnail","hentry"],"_links":{"self":[{"href":"https:\/\/florakert.evadomotor.com\/index.php?rest_route=\/wp\/v2\/pages\/187","targetHints":{"allow":["GET"]}}],"collection":[{"href":"https:\/\/florakert.evadomotor.com\/index.php?rest_route=\/wp\/v2\/pages"}],"about":[{"href":"https:\/\/florakert.evadomotor.com\/index.php?rest_route=\/wp\/v2\/types\/page"}],"author":[{"embeddable":true,"href":"https:\/\/florakert.evadomotor.com\/index.php?rest_route=\/wp\/v2\/users\/1"}],"replies":[{"embeddable":true,"href":"https:\/\/florakert.evadomotor.com\/index.php?rest_route=%2Fwp%2Fv2%2Fcomments&post=187"}],"version-history":[{"count":2,"href":"https:\/\/florakert.evadomotor.com\/index.php?rest_route=\/wp\/v2\/pages\/187\/revisions"}],"predecessor-version":[{"id":218,"href":"https:\/\/florakert.evadomotor.com\/index.php?rest_route=\/wp\/v2\/pages\/187\/revisions\/218"}],"up":[{"embeddable":true,"href":"https:\/\/florakert.evadomotor.com\/index.php?rest_route=\/wp\/v2\/pages\/19"}],"wp:featuredmedia":[{"embeddable":true,"href":"https:\/\/florakert.evadomotor.com\/index.php?rest_route=\/wp\/v2\/media\/154"}],"wp:attachment":[{"href":"https:\/\/florakert.evadomotor.com\/index.php?rest_route=%2Fwp%2Fv2%2Fmedia&parent=187"}],"curies":[{"name":"wp","href":"https:\/\/api.w.org\/{rel}","templated":true}]}}