{"id":183,"date":"2024-12-11T21:49:10","date_gmt":"2024-12-11T20:49:10","guid":{"rendered":"https:\/\/florakert.evadomotor.com\/?page_id=183"},"modified":"2024-12-13T22:18:07","modified_gmt":"2024-12-13T21:18:07","slug":"debreceni-varosi-zoldterulet-megujitas","status":"publish","type":"page","link":"https:\/\/florakert.evadomotor.com\/?page_id=183","title":{"rendered":"Debreceni v\u00e1rosi z\u00f6ldter\u00fclet meg\u00faj\u00edt\u00e1s"},"content":{"rendered":"\n<p>&#8222;<strong>Professzion\u00e1lis, megb\u00edzhat\u00f3 \u00e9s innovat\u00edv \u2013 mindent, amit egy kert\u00e9p\u00edt\u0151 c\u00e9gt\u0151l elv\u00e1rhatunk.&#8221;<\/strong><br>\u2013 Zolt\u00e1n, Debrecen<\/p>\n","protected":false},"excerpt":{"rendered":"<p>&#8222;Professzion\u00e1lis, megb\u00edzhat\u00f3 \u00e9s innovat\u00edv \u2013 mindent, amit egy kert\u00e9p\u00edt\u0151 c\u00e9gt\u0151l elv\u00e1rhatunk.&#8221;\u2013 Zolt\u00e1n, Debrecen<\/p>\n","protected":false},"author":1,"featured_media":155,"parent":19,"menu_order":18,"comment_status":"closed","ping_status":"closed","template":"","meta":{"footnotes":""},"class_list":["post-183","page","type-page","status-publish","has-post-thumbnail","hentry"],"_links":{"self":[{"href":"https:\/\/florakert.evadomotor.com\/index.php?rest_route=\/wp\/v2\/pages\/183","targetHints":{"allow":["GET"]}}],"collection":[{"href":"https:\/\/florakert.evadomotor.com\/index.php?rest_route=\/wp\/v2\/pages"}],"about":[{"href":"https:\/\/florakert.evadomotor.com\/index.php?rest_route=\/wp\/v2\/types\/page"}],"author":[{"embeddable":true,"href":"https:\/\/florakert.evadomotor.com\/index.php?rest_route=\/wp\/v2\/users\/1"}],"replies":[{"embeddable":true,"href":"https:\/\/florakert.evadomotor.com\/index.php?rest_route=%2Fwp%2Fv2%2Fcomments&post=183"}],"version-history":[{"count":2,"href":"https:\/\/florakert.evadomotor.com\/index.php?rest_route=\/wp\/v2\/pages\/183\/revisions"}],"predecessor-version":[{"id":216,"href":"https:\/\/florakert.evadomotor.com\/index.php?rest_route=\/wp\/v2\/pages\/183\/revisions\/216"}],"up":[{"embeddable":true,"href":"https:\/\/florakert.evadomotor.com\/index.php?rest_route=\/wp\/v2\/pages\/19"}],"wp:featuredmedia":[{"embeddable":true,"href":"https:\/\/florakert.evadomotor.com\/index.php?rest_route=\/wp\/v2\/media\/155"}],"wp:attachment":[{"href":"https:\/\/florakert.evadomotor.com\/index.php?rest_route=%2Fwp%2Fv2%2Fmedia&parent=183"}],"curies":[{"name":"wp","href":"https:\/\/api.w.org\/{rel}","templated":true}]}}