{"id":181,"date":"2024-12-11T21:47:54","date_gmt":"2024-12-11T20:47:54","guid":{"rendered":"https:\/\/florakert.evadomotor.com\/?page_id=181"},"modified":"2024-12-12T22:09:07","modified_gmt":"2024-12-12T21:09:07","slug":"alomkert-a-budai-domboldalon","status":"publish","type":"page","link":"https:\/\/florakert.evadomotor.com\/?page_id=181","title":{"rendered":"\u00c1lomkert a budai domboldalon"},"content":{"rendered":"\n<p><strong>&#8222;A Fl\u00f3raKert csapata val\u00f3ra v\u00e1ltotta \u00e1lmainkat. Most m\u00e1r minden reggel egy gy\u00f6ny\u00f6r\u0171 kertben kezd\u0151dik a napunk!&#8221;<\/strong><\/p>\n","protected":false},"excerpt":{"rendered":"<p>&#8222;A Fl\u00f3raKert csapata val\u00f3ra v\u00e1ltotta \u00e1lmainkat. Most m\u00e1r minden reggel egy gy\u00f6ny\u00f6r\u0171 kertben kezd\u0151dik a napunk!&#8221;<\/p>\n","protected":false},"author":1,"featured_media":152,"parent":19,"menu_order":17,"comment_status":"closed","ping_status":"closed","template":"","meta":{"footnotes":""},"class_list":["post-181","page","type-page","status-publish","has-post-thumbnail","hentry"],"_links":{"self":[{"href":"https:\/\/florakert.evadomotor.com\/index.php?rest_route=\/wp\/v2\/pages\/181","targetHints":{"allow":["GET"]}}],"collection":[{"href":"https:\/\/florakert.evadomotor.com\/index.php?rest_route=\/wp\/v2\/pages"}],"about":[{"href":"https:\/\/florakert.evadomotor.com\/index.php?rest_route=\/wp\/v2\/types\/page"}],"author":[{"embeddable":true,"href":"https:\/\/florakert.evadomotor.com\/index.php?rest_route=\/wp\/v2\/users\/1"}],"replies":[{"embeddable":true,"href":"https:\/\/florakert.evadomotor.com\/index.php?rest_route=%2Fwp%2Fv2%2Fcomments&post=181"}],"version-history":[{"count":3,"href":"https:\/\/florakert.evadomotor.com\/index.php?rest_route=\/wp\/v2\/pages\/181\/revisions"}],"predecessor-version":[{"id":215,"href":"https:\/\/florakert.evadomotor.com\/index.php?rest_route=\/wp\/v2\/pages\/181\/revisions\/215"}],"up":[{"embeddable":true,"href":"https:\/\/florakert.evadomotor.com\/index.php?rest_route=\/wp\/v2\/pages\/19"}],"wp:featuredmedia":[{"embeddable":true,"href":"https:\/\/florakert.evadomotor.com\/index.php?rest_route=\/wp\/v2\/media\/152"}],"wp:attachment":[{"href":"https:\/\/florakert.evadomotor.com\/index.php?rest_route=%2Fwp%2Fv2%2Fmedia&parent=181"}],"curies":[{"name":"wp","href":"https:\/\/api.w.org\/{rel}","templated":true}]}}